of z?
1
Suppose -a = -3*s + 6*s - 79, a - 107 = 4*s. What is the units digit of a?
1
Let r = 5 + -1. Suppose 4*s = -r + 8. What is the units digit of s?
1
Let m = 15 + 26. What is the tens digit of m?
4
What is the hundreds digit of (8 - (3 + 3))*(-254)/(-4)?
1
Suppose -11 - 9 = -2*g - 2*p, -64 = -4*g + 2*p. What is the tens digit of g?
1
Let b be -21 + 1*2/2. What is the tens digit of 14*(b/(-8) + -1)?
2
Let x(u) = u**3 - 9*u**2 - 6*u - 13. Suppose 30 = -0*j + 3*j. What is the units digit of x(j)?
7
What is the units digit of (4 - 27/12)*4?
7
What is the units digit of 6/51 - (-610)/17?
6
Suppose 11*o - 5*o = 186. What is the units digit of o?
1
Let t = 5 - -1. Suppose 0*a + t = 2*w - 3*a, 3*a = w + 3. Suppose -2*f - 4*u + 30 = 0, 6 + w = f - 3*u. What is the units digit of f?
5
What is the units digit of ((-7)/2 - 1)*(-53 + -3)?
2
Suppose 0 = -5*r + 3*s - 0*s - 266, 4*r - 3*s = -214. What is the units digit of r/(-6) + (-1)/(-3)?
9
Let m = 14 - 7. What is the units digit of m/(-14)*(-1 - 13)?
7
Let j(n) = n - 4*n + n - 12. Let z be j(-9). What is the units digit of (2/(-4))/((-3)/z)?
1
Suppose -2*n = -6, -3*q - 4*n - 3 + 57 = 0. Let o = -38 - -58. Let u = o - q. What is the units digit of u?
6
Suppose -5*n = -4*b - 3*n + 90, -2*n = 4*b - 70. Suppose u - 1 - b = -4*v, -4*v - 2*u = -26. What is the units digit of v?
4
Let q(g) = -2*g**3 + 4*g**2 + 3*g + 1. What is the units digit of q(-2)?
7
Suppose -270 = -5*p + 4*h, 7*h = -2*p + 2*h + 75. Let r = 74 - p. What is the tens digit of r?
2
Let y(q) = q - 4. Let b be y(10). Let n be (-2)/b - 14/(-6). Suppose 0 = -n*m + 10 - 0. What is the units digit of m?
5
Let k be (8/6)/((-2)/(-6)). Suppose 0 = -5*m - 8*b + 3*b + 10, k*b - 8 = 5*m. Let v = m + 1. What is the units digit of v?
1
Let v(n) = -7*n - 11. What is the tens digit of v(-7)?
3
Let g(c) = -c**2 + 20*c + 17. Let o be g(13). Suppose o - 28 = 2*z. What is the tens digit of z?
4
Let d = 4 - -16. What is the tens digit of d?
2
Let x(j) = j**3 + j**2 - 2*j + 3. Let h be x(2). Let k = h - 10. What is the units digit of k?
1
Let k = 231 + -135. Suppose -4*c = -c - k. What is the tens digit of c?
3
Let g(t) = -9*t - 3. Let v(o) = -o**3 + 4*o**2 - 5*o. Let l be v(2). What is the tens digit of g(l)?
1
Suppose -14*w = -1916 + 12. What is the units digit of w?
6
Suppose -28 = -3*x + 2. Let v = -3 - -3. What is the units digit of -1 + x - v/(-5)?
9
Let m(t) = t**3 - 11*t**2 + 13*t - 10. Let d be m(10). Let w = 17 - 29. Let l = w + d. What is the units digit of l?
8
Suppose -m - 4*r = 15, 0*m - 2*m + 5*r = -22. Let o be (0 - -10) + (m - 1). Let h = o - 6. What is the units digit of h?
4
Let f(c) = c**3 + 5*c**2 - 8*c - 8. Let p be f(-6). Suppose -d + 8 = -4*g + 89, -2*d + 66 = p*g. What is the tens digit of g?
1
Let i(b) = -b**3 - 6*b**2 + 8*b + 1. Let v be i(-7). What is the tens digit of 17/51 - 226/v?
3
Let k = 1 + -5. What is the units digit of 0 + 3 + (-3 - k)?
4
Suppose 46 = 3*h + 4. Suppose -o = -6 - h. What is the tens digit of o?
2
Suppose 25 = 3*a - 35. Suppose 5*q - a = 15. Suppose -2*u + q = 3*u - 2*z, 0 = u - 3*z + 9. What is the units digit of u?
3
Suppose -7*t = -5*t - 2. What is the units digit of t?
1
Let f = 0 - 9. Let n = -7 - f. Suppose m = n*d + 2 - 37, -39 = -2*d + 5*m. What is the units digit of d?
7
Let h(d) = -6*d - d**3 - 4 + 8*d**2 - 7 + 19. What is the units digit of h(7)?
5
Suppose -3*g - 11 = -131. Suppose 2*v = h + 73, -3*h + 47 + g = 3*v. What is the units digit of v?
4
Let a be (-5)/10 + 2/4. Let h(g) = 0 - 2 + 3 + a + g. What is the units digit of h(2)?
3
Suppose -103 = -3*v + q + 50, 12 = 4*q. Suppose 2*y = 4*f + v, 0*y + y - 27 = 3*f. Let x = y - 14. What is the units digit of x?
0
Let h(x) = x**3 - 4*x**2 - x + 5. Let b be h(5). What is the units digit of 12/15*b/2?
0
Let f be 2/4*(-2 - -50). Let c(t) = t**2 - 10*t + 3. Let h be c(10). Suppose -s = h*s - f. What is the units digit of s?
6
Let i(u) = u**3 + 7*u**2 - 9*u - 6. Let x be 6*2/4 - 11. What is the units digit of i(x)?
2
Suppose 5*k + 80 = 10*k. What is the units digit of k?
6
What is the units digit of (4/1 - 3)/(2/2)?
1
Suppose -5*m = 4*y - 17, -m - 2 + 3 = 0. Suppose y*p + 16 - 118 = 0. What is the tens digit of p?
3
Suppose 5*c - 2*x - 33 = 0, -4*c + 4*x + 27 = -9. Suppose -3*f - f + 98 = 2*p, -5*f + c*p = -160. What is the units digit of f?
7
Let d = -4 + 6. Suppose -g - d = -4. Let m(k) = k**2 + 2*k - 3. What is the units digit of m(g)?
5
Let g be 2 - 2*(-1 + 0). Suppose 9*m - 75 = g*m. What is the tens digit of m?
1
Suppose -5*y = -4*g - 73, 0 = 2*g - 3*g + 3. What is the units digit of (-17)/(-34) - y/(-2)?
9
Suppose -4*k = -x - 76, -4*x - k = 4*k + 220. What is the units digit of (-1 - x/16)*4?
1
Let p(z) = 6*z - 1. Let o(n) = -n. Let d(h) = 5*o(h) + p(h). What is the units digit of d(8)?
7
Let a(g) = -21*g - 2. What is the tens digit of a(-1)?
1
Suppose 396 = 6*r - 174. What is the tens digit of r?
9
Let f = 118 + -13. Suppose -5*k + f = 5. What is the units digit of k?
0
Let r = 4 + -1. Suppose 11 - r = -4*u. What is the tens digit of u/((-33)/(-39) - 1)?
1
Suppose -2 = -5*r - 17. Let w be 4/6*r*1. Let o = w + 3. What is the units digit of o?
1
Let a(p) = -p**2 - 8*p - 6. Let g be a(-5). Let o = 8 - 5. Suppose -o*b + g = -0. What is the units digit of b?
3
Suppose -8*m = -5*m. Suppose m = 4*o - 3 - 1, o - 109 = -3*j. What is the tens digit of j?
3
Suppose 2*c = -3*y - c + 114, 0 = y + 3*c - 42. Suppose -3*j - y = -0*j. Let g = j - -19. What is the units digit of g?
7
Suppose -5 = -z, -3*w + 3*z - 7*z + 32 = 0. Let c be (4 - w) + (-18)/2. Let b = 8 - c. What is the tens digit of b?
1
Let j be (-4)/(-3 + (-100)/(-32)). What is the units digit of ((-6)/1)/(12/j)?
6
Suppose -5*s - 5*f + 85 = -0*f, 3*f - 23 = -s. What is the tens digit of s?
1
Suppose -t - 3*t = 4*d + 32, -t - 3*d = 12. Let b be (-4)/t + (-62)/(-6). Let k = b - 4. What is the units digit of k?
7
Let v(s) = -2*s**3 - 2*s**2 - 3*s. What is the units digit of v(-3)?
5
Let w(o) = -o + 5. Let a be w(4). Let b = a - -3. What is the units digit of b?
4
Let d = 7 - 9. Suppose 0 = 3*r - 2*q - 37, -35 = r - 4*r + q. Let o = d + r. What is the units digit of o?
9
Suppose -5*b - 61 = -201. Suppose 4*t - b = -0*t. What is the units digit of t?
7
Let y(m) = 56*m**2 - 10*m - 4. What is the units digit of y(-2)?
0
What is the units digit of 50*(-4)/(-8) - (-1 - -1)?
5
What is the units digit of (3 - 2) + 71 - 1?
1
Let i(u) = u**2 + 2*u. Let d be i(-1). Suppose -17 = 2*p + 5*m, 4 = 6*p - p - 3*m. What is the tens digit of (d - -40)/3 + p?
1
Suppose 0 = -n - 4*z + 3*z, 0 = 3*z. Let x = n - -3. What is the units digit of x?
3
Let h = 4 - 2. What is the tens digit of (h - 3) + 0 + 26?
2
Let a(d) = 2*d**3 - 3*d**3 + d + 5 + d + 5*d**2 + 2*d. What is the tens digit of a(5)?
2
Suppose 0 = -3*o + 7 - 43. Let u = o + 17. Suppose -r = u*x - 15, 4*x + 2*r - 9 = x. What is the units digit of x?
3
Let b(q) be the second derivative of q**3/2 - 9*q**2/2 - q. Let f(y) = -y + 7. Let u be f(0). What is the tens digit of b(u)?
1
Suppose 0 = -62*f + 67*f - 230. What is the units digit of f?
6
Let k = 0 + 6. Suppose t = -4 + k. What is the units digit of t?
2
Suppose 0 = -4*h - 3*x + 129, -54 = -2*h - 0*x + 2*x. What is the units digit of h?
0
Let v(u) = 2*u**2 - u - 1. What is the tens digit of v(8)?
1
What is the units digit of (5/15)/((-2)/(-30))?
5
Suppose 0 = -2*y + 24 + 26. What is the units digit of y?
5
Let k = -73 - -179. What is the units digit of k?
6
Suppose 2*a = -3*a - 3*g + 289, -5*a + 2*g = -299. What is the tens digit of a?
5
Let y = 3 + -4. What is the tens digit of y/(3/(-30)) + 3?
1
What is the hundreds digit of (9924/(-21))/(-2) + (-16)/56?
2
Let z(n) = 2*n**2 + 4*n - 5. What is the tens digit of z(4)?
4
Suppose 4 = 4*h - 16. Suppose -3*d + 5 = i - h, 0 = -3*d + 2*i - 2. Suppose 0 = d*y + 2*y - 36. What is the units digit of y?
9
Let m(n) = 39*n**2 - 1. Let a be m(1). Suppose -7 - a = -5*h. Let j(c) = c - 8. What is the units digit of j(h)?
1
Let g = 16 + -23. Let h = g - -7. Suppose -5*p + 16 + 19 = h. What is the units digit of p?
7
What is the units digit of ((-3 - 125)/4)/(-1)?
2
Let n = -15 + 9. Let u = 0 + n. What is the units digit of (17 - 1) + 4 + u?
4
Suppose 0 = -w - 2, 4*b + 2*w = 2*b 